 + -32. Suppose -u = 4*b + 3*z, -3*b + 2*z - x = b. Calculate p(b).
3
Suppose 4*n - 9 = 3*n. Let o(u) = -4*u + 2*u - n + u. Suppose 30 = -5*j - s, 0*s = 5*j + 4*s + 45. Determine o(j).
-4
Let q(s) = s**2 - 4*s + 4. Let p(f) = f - 2. Let c be p(5). Determine q(c).
1
Let r be (-1)/1*(0 - 2). Let o(h) = 3 + 2*h - h - 3*h - 1 + h**2. Give o(r).
2
Let r(g) = 12 - 2*g + 3*g + 7 - 6. Let a be r(-8). Let t(y) = -y + 2. What is t(a)?
-3
Let s(k) be the first derivative of k**4/4 - 4*k**3 + 11*k**2/2 + 3*k - 25. Calculate s(11).
3
Let y(d) be the second derivative of -d**3/2 + d**2/2 + 2*d. Suppose 3*c = -2*c - 5. Calculate y(c).
4
Let y(w) = -2*w**3 + w**2 + 2*w. Suppose 13 = 3*z + r - 28, 22 = 2*z - 2*r. Let t = z + -11. Determine y(t).
-8
Let i(v) be the second derivative of -v**8/6720 - v**7/504 - v**6/144 - v**5/120 - v**4/3 - 5*v. Let x(l) be the third derivative of i(l). Give x(-4).
3
Let x = -3 + 5. Let m(u) = x*u**2 - u**2 + 1 + 4*u**2. Give m(1).
6
Suppose -5*k + 5*s + 15 = -0*k, -12 = 2*k + 4*s. Let t be (-12)/(2*-1) + k. Let b(l) = t + l + 11*l**2 - l**3 - 7*l**2 - 2. Calculate b(4).
8
Let u(w) = -2*w**3 + w**2 + w. Let h be (-8)/(-36) - 119/9. Let n = h - -12. Determine u(n).
2
Let j(u) = u + 1. Let v(c) be the third derivative of c**4/24 + c**2. Let t(m) = -2*j(m) + v(m). Determine t(5).
-7
Suppose 5*f + 359 - 384 = 0. Let t(l) = l**2 - 6*l + 2. Calculate t(f).
-3
Let n(w) = w**3 + 4*w**2 + 3*w + 2. Let j be n(-2). Suppose 0 = -0*s - j*s - 4. Let x be (0 - s)*(-3)/(-1). Let y(a) = -3*a + 2. Determine y(x).
-7
Let h(p) = -3*p**2 + 4 + p**2 + 5. Let z(o) = -o**2 + 4. Suppose -3*l + 10 + 5 = 0. Let n(w) = l*z(w) - 2*h(w). Determine n(2).
-2
Let k(o) = 6 - 92*o + 5*o**2 + 0*o**2 + 86*o - o**3. Calculate k(4).
-2
Suppose 2*k = -0*k + 4. Let c(v) = -v**2 + 4 + 5 + v - k - 1. Give c(0).
6
Suppose v = -v + 6. Let o be 0 + 1 - (-5 + 4). Let n(q) = 1 + q - v*q**2 + o*q + 0 - q**3. Calculate n(-3).
-8
Let k = -8 - -10. Let q(j) = -2*j - 1 + j + k*j + 0. What is q(2)?
1
Let n = 9 - 5. Let g be n/6*-6 - -2. Let y be -2*3/g + 1. Let t(w) = -w**2 + 3*w. Give t(y).
-4
Let u(k) be the third derivative of -k**4/12 - 6*k**2. Let d = 1 + 3. Suppose 2 = -d*y - 5*g, 0*g = y - 4*g + 11. Give u(y).
6
Let c(k) = -k - 2. Let n be (-3)/9 + (-2)/(-6). Let j be c(n). Let q(m) = 3*m - 1. Let b(g) = 7*g - 3. Let w(f) = 2*b(f) - 5*q(f). Calculate w(j).
1
Let r(g) = g**3 - 4*g**2 - 6*g + 2. Let l be ((-15)/9)/((-4)/12). Determine r(l).
-3
Let x(t) be the first derivative of t**4/4 + t**3 + 3*t**2/2 - t - 7. Determine x(-3).
-10
Suppose 0 = -0*o + 4*o + 24. Let t(h) = h**3 + 7*h**2 + 5*h - 2. Calculate t(o).
4
Suppose -5*b + j = -j, j + 13 = -4*b. Let h(x) be the third derivative of x**4/8 + x**3/3 - x**2. Determine h(b).
-4
Let x(i) = 3*i + 9. Let p(z) = -z - 4. Let v(c) = -7*p(c) - 3*x(c). Let l be v(-1). Let u(t) = 0 - 2 - t**2 + l - 2*t. Determine u(-3).
-2
Suppose -3*w = 2 - 17. Let x(t) = -2 + 0*t - w*t + t**2 - 2*t**2. Let q = 7 - 11. Determine x(q).
2
Let m(k) = k**2 + 6*k + 5. Let s(c) = 2*c**3 - c**2 + 1. Let g be s(1). Suppose -3 = -3*o - 12, g*n + o + 3 = 0. Suppose -h + 3*h + 12 = n. What is m(h)?
5
Let k(m) = -m**3 + 4*m**2 + 3*m + 5. Let n(f) = f**2 - 4*f + 3. Let r be n(4). Suppose 2*s + 4*j = -r*s + 33, j = 2. Determine k(s).
-5
Let v(c) = 6*c**2 - 4*c - 6. Let u(j) = -2*j**2 + j + 2. Let d(h) = -11*u(h) - 4*v(h). Determine d(4).
-10
Suppose 0 = 5*g + 4*b, 4*g - 2*b + b - 21 = 0. Let q be (-3)/(-12) - (-11)/g. Let d(m) = -4*m + 3. What is d(q)?
-9
Let r = 79 - 393/5. Let i(h) be the second derivative of 0*h**4 + 1/2*h**2 - 3*h + 0 + 0*h**3 + r*h**5. Determine i(-1).
-7
Let i(s) = s**3 - 4*s**2 - 2*s - 3. Suppose 6*g - 4*g = 4*z - 154, -38 = -z + g. Suppose z - 4 = 7*h. Determine i(h).
12
Let q(u) = u + 3. Let k be q(0). Let i be -3 - (0/k + 0). Let n(h) = h**3 + 3*h**2 - h + 4. What is n(i)?
7
Let k(i) be the first derivative of 11*i**2/2 - 7*i - 2. Let v(s) = 6*s - 4. Let o(n) = 4*k(n) - 7*v(n). Suppose 0 = 3*x + 2*x - 20. Give o(x).
8
Let l(k) = -k - 26. Let j(p) = -9. Let w(f) = -8*j(f) + 3*l(f). Let n = 59 + -64. Give w(n).
9
Let s(f) = 6*f - 3. Suppose 4 - 26 = -11*z. Give s(z).
9
Suppose -15*t + 16*t - 5 = 0. Let a(y) = y**2 - 4*y - 4. Calculate a(t).
1
Let l(c) be the third derivative of -c**6/120 - 11*c**5/60 + 5*c**3/6 - 2*c**2. What is l(-11)?
5
Let p(u) = 4*u + 5. Let r be p(-3). Let q(m) = -m - 6. Give q(r).
1
Let k(q) = -q**3 + 5*q**2 + q + 4. Let t = 6 + -4. Suppose -7 + 1 = t*o. Let a be ((-20)/(-6))/((-2)/o). What is k(a)?
9
Let s(x) be the second derivative of x**4/12 + x**3/6 + 9*x**2/2 - 7*x. Calculate s(0).
9
Suppose 4*q = 3*d + 41, 3*q - 33 + 6 = d. Let p(m) = -8 - 9*m + 1 + 12 + m**2. Calculate p(q).
-3
Let x(v) = -v**2 - 4*v + 2. Suppose 2*b + 0*b = 6. Let t be (2/(-3)*b)/(-1). Suppose 2 + t = -s. What is x(s)?
2
Suppose 3*y - 13 = 5. Suppose -4*i = -2 - y. Let w(v) = 4*v - v**3 + 2*v**i - 3 + 0*v + 4. Determine w(3).
4
Let l(h) = h**3 + 6*h**2 + 5*h - 6. Let d = -20 + 15. What is l(d)?
-6
Suppose h - 2*h = -9. Let a(d) = -4*d + h*d - d. Let t = -8 - -6. Calculate a(t).
-8
Let b = 45 - 49. Let z(f) = 10*f + 27. Let g(r) = 3*r + 9. Let q(y) = 7*g(y) - 2*z(y). What is q(b)?
5
Let z(y) = 2*y**2 - 2*y + 1. Suppose 8*n + 10 = 13*n. Calculate z(n).
5
Let t(n) = 0 - 3*n - 2*n + 4 + 4*n. Let v be 9 + 3/(-3 + 0). Let g = v + -5. Determine t(g).
1
Let g be ((-4)/(-3))/((-2)/(-3)). Let b(a) = -3 - a**g - 1 + 3 - a. Let z be ((-2)/2)/(2/(-4)). What is b(z)?
-7
Suppose -2*u + 5*u - 15 = -5*s, 0 = -4*u - 4*s + 12. Let b(p) be the third derivative of -p**6/120 - p**5/60 + p**4/24 + 7*p**3/6 - 2*p**2. Calculate b(u).
7
Let a(s) = -s + 7. Let p(z) = 2*z - 1. Let d be p(4). What is a(d)?
0
Let u(b) be the second derivative of -b**3/6 + 10*b. Calculate u(0).
0
Let v(p) = -p + 2. Let g be v(0). Let a(z) = 20*z**2 - z - 17*z**g + 7*z**2 - 1 + 3*z**2. Give a(-1).
13
Let i(h) be the first derivative of h**2/2 + h + 1. Let b be ((-4)/(-3))/((-4)/(-18)). Suppose 5*u + 5*q = 45, -3*u - q = -5*u + b. Give i(u).
6
Let j(i) = -2*i**3 - 4*i**2 - 2*i + 2. Let o be j(-2). Let t(k) = -k - 1. Give t(o).
-7
Let f = -133 - -131. Let w(b) = -2*b**3 + b**2 - 3*b + 1. Let j(y) = -5*y**3 + 2*y**2 - 7*y + 2. Let m(x) = -3*j(x) + 7*w(x). Give m(f).
-3
Let i(q) = -13 + 19 + 31*q - 32*q. What is i(5)?
1
Let c(u) = u + 3*u - 5*u - 2. Give c(3).
-5
Let f(g) be the third derivative of -g**4/6 + 2*g**3/3 - 9*g**2. Give f(5).
-16
Let n be (0 - 2) + 7 + 2. Let m(p) = 2*p**2 - n*p**2 + 6*p + 0*p**3 - 3 + p**3. Determine m(4).
5
Suppose 2*s - 3*s + 2*j + 5 = 0, 5*j = -4*s + 7. Let r(c) = -c - 1 + 10 - 2 + s. Suppose -2*p = -0*p - 12. Calculate r(p).
4
Let q(h) = -2*h - 1. Let p(i) = -3*i**2 + 3*i**2 + 7*i - 5 - 3*i**2 + 2*i**2. Let r be p(6). Calculate q(r).
-3
Let h(q) = 2*q**2 - 3*q**2 + 0*q**2 - 1 - 4*q. Suppose p + 5 = -0. Give h(p).
-6
Suppose 2*p - 6*p - 4 = 0. Let z = p - -2. Let a(j) = -52*j**2 - 3 - 7*j**3 + 4 + 52*j**2. Give a(z).
-6
Let m(z) be the third derivative of 0 + 4*z**2 + 0*z + 0*z**3 + 5/24*z**4. Calculate m(1).
5
Let w(v) = v**2 + 5*v - 4. Let o be w(-6). Let f(i) = -i**3 + 3*i - 1 + 4 - o*i**2 - i. Suppose 0 = 3*g + z + 12, -g = 4*z + 14 + 1. Give f(g).
6
Let z be (-4)/2*2/2. Let n be (-2)/(2 - (-8)/z). Let r(g) = -3*g**3 + g. Determine r(n).
-2
Let z = -25 + 15. Let y = -16 - z. Let g(q) = q**3 + 5*q**2 - 6*q + 5. Determine g(y).
5
Let v(b) be the second derivative of b**7/2520 - b**4/12 + b. Let o(s) be the third derivative of v(s). Determine o(0).
0
Suppose -2*u - 4 = 0, -23 + 1 = 5*m + u. Let f be (-94)/18 - m/18. Let p(k) = k**3 + 6*k**2 + 3*k - 2. Give p(f).
8
Let j(i) = -i**2 + 4*i - 2. Let t be j(5). Let g(x) = x**3 + 7*x**2 + x + 1. Let b be g(t). Let a = b - -5. Let o(q) = q + 1. What is o(a)?
0
Let g = 15 - 21. Let d be -2 + -3 + (g - -7). Let l(k) be the first derivative of k**4/4 + k**3 - 3*k**2 - 5*k - 1. Determine l(d).
3
Let x be (2/(-3))/(2/(-3)). Let v(j) = -10*j + 3*j + j. Give v(x).
-6
Let h(w) = w**2 + 5*w + 7. Suppose -2*t - 14 = -a, -2*t - 1 = 5*a - 11. Give h(t).
7
Let q(u) = 7*u**3 - u**2 - u + 1. Let z(b) = -b + 4. Let j be z(5). Let o be (-3)/(-9) - j/(-3). Suppose 3*a + o*a = 3. Calculate q(a).
6
Let x(w) = 6*w**3 - 13*w**3 + 3*w